 What are the prime factors of x(4)?
3, 19
Let h(q) = -q**3 - 3*q**2 + 13*q - 9. Suppose 0 = -5*z + 5 + 5. Let l be (-13)/z + 9/(-18). List the prime factors of h(l).
2, 3
Suppose -3*k = 2*j - 105175, 341*j + 8 = 345*j. List the prime factors of k.
11, 3187
Let a be ((-21)/(63/2))/(4/(-30)). Suppose a*t = -23*o + 20*o + 3779, -2*o = 2*t - 2522. What are the prime factors of o?
3, 421
Let m(s) = 61*s + 49. Let x be m(15). Let z = -429 + x. List the prime factors of z.
5, 107
Let u(c) = -289*c**3 - c**2 + c. What are the prime factors of u(-3)?
3, 7, 53
Let w(g) = -g**3 - 3*g**2 + 25*g - 35. Let r be w(9). Let i = r - -1333. What are the prime factors of i?
19, 29
Let g be (-2)/(-9) + (-50)/(-18). Let d be -54*2/(-12)*g. Let n = d - -51. What are the prime factors of n?
2, 3, 13
Suppose 7*s - 3 = y + 5*s, s - 29 = -5*y. Suppose -13*i - 40 = -y*i. Let z(k) = -k**3 - 3*k**2 - 5*k - 1. List the prime factors of z(i).
2, 37
Suppose 0 = 3*u - 9. Suppose u*a - 4*g - 26 = 0, 0 = 2*g - 1 + 5. Suppose -a*b = -2*b - 2*s - 78, 60 = 3*b - 2*s. List the prime factors of b.
2, 3
Let l = -26093 + 37998. List the prime factors of l.
5, 2381
Suppose 0 = -62*j - 178*j - 239*j + 3144156. What are the prime factors of j?
2, 3, 547
Suppose -8509 = 16*q - 32493. List the prime factors of q.
1499
Suppose 126*y - 71*y - 1437546 = -198*y. What are the prime factors of y?
2, 3, 947
Suppose 5*x - 132 = 16*x. List the prime factors of x*679/(-28)*2.
2, 3, 97
Suppose 22177 = 4*h - 12203. What are the prime factors of h?
3, 5, 191
Let w = 11162 - -17049. What are the prime factors of w?
28211
Let r(t) be the third derivative of t**5/60 + 5*t**4/24 + 20*t**3/3 - 2*t**2 - 11. List the prime factors of r(-12).
2, 31
Suppose -6273 = 11*d - 2*d. Let x = 125 - d. List the prime factors of x.
2, 3, 137
Suppose 4 = -3*n - 2*y, -n = -2*y - 15 + 3. Suppose -273 - 427 = -n*w. List the prime factors of w.
2, 5, 7
List the prime factors of (16/6)/((-30)/(-389250)).
2, 5, 173
Suppose 3*n - 9 = 12. Suppose -n*m + 13*m = 600. What are the prime factors of m?
2, 5
What are the prime factors of 4219900/40*(-4)/(-10)?
19, 2221
Suppose 54 = -74*l + 65*l. What are the prime factors of 289 - (l - -10) - 7?
2, 139
Suppose -a = 4*i - 9001, 4*a - 5*i - 47023 = -10935. What are the prime factors of a?
71, 127
Let p(a) = 2*a**2 + a**2 - 6 + 5*a - 4*a**2 - 7*a. Let u be p(5). Let s = 52 + u. What are the prime factors of s?
11
Let b(a) be the third derivative of 5*a**5/3 + a**4/12 - a**3 + 18*a**2. Let s be b(3). Suppose -8*q + 2*q = -s. What are the prime factors of q?
2, 3, 5
Suppose v - 7151 - 2765 = -3*b, 2*v = 2*b - 6600. List the prime factors of b.
2, 7, 59
Let g(q) = 448*q**3 - 7*q**2 - 526*q + 3171. What are the prime factors of g(6)?
3, 23, 1399
Suppose 15*d - 116 = -14*d. Suppose -w + d*s = -0*w - 324, -2*w + 2*s = -666. What are the prime factors of w?
2, 3, 7
Let w = -448 - -447. What are the prime factors of 1 - (w + -2) - -211?
5, 43
Let t = -807 - -809. Suppose 5*i + t*h = 7996, -4*h = i - 7*h - 1589. List the prime factors of i.
2, 17, 47
Suppose 4*g - 2540 = 3*g - 5*l, 3*g - 7672 = -2*l. Suppose -q + 2*n + 379 = -133, 5*n = -5*q + g. List the prime factors of q.
2
Suppose -42*w + 49*w = 525. What are the prime factors of (w/12 + -5)*36?
3, 5
Let k = 39 - 34. Let f be -1 - (0 - (-12)/4 - 18). Suppose 2*p - 88 = k*j, 3*p - 4*j - f = 111. What are the prime factors of p?
3, 13
Let z(x) = 277*x**2 + 4*x + 10. Let m(t) = -3*t**2 - 45*t - 44. Let o be m(-14). What are the prime factors of z(o)?
2, 3, 5, 37
Suppose -7*n = -2*n - 190. Let h = n - -177. Suppose -3*g - 144 = -5*s + 225, 5*g = 3*s - h. List the prime factors of s.
3, 5
Let c be 26/4*10*-2*-84. Suppose 11*k - c = -31*k. What are the prime factors of k?
2, 5, 13
Let a be (-24)/9 + 2 - 5/(-3). Suppose 3*m - a = -13. List the prime factors of 232 + -3 + 0 + (-4)/m.
2, 5, 23
Let a = -22314 + 23160. List the prime factors of a.
2, 3, 47
Suppose -25 = 5*n - 10*n, -2*n = -5*t + 36380. What are the prime factors of t?
2, 3, 1213
Let q(f) = -3*f**2 + 4*f + 10. Suppose 0 = -6*s + 50 - 8. Let p be q(s). Let u = p + 196. List the prime factors of u.
3, 29
Let i(b) = -b**3 + 13*b**2 - 3*b + 37. Let o be i(13). List the prime factors of (-3)/((-1242)/(-622) + o).
3, 311
Let i be (3 - 21/(-28))*12/9. Let x be ((-1524)/(-16))/((-5)/(-20)). Suppose -i*o - x + 1396 = 0. List the prime factors of o.
7, 29
Suppose i + 4*i + f - 22 = 0, -2*f = 6. List the prime factors of ((-24)/i)/(-4)*(-7420)/(-42).
2, 53
Let n = 2937 + 10262. What are the prime factors of n?
67, 197
Suppose -2*j + 4*m + 15274 = 0, 9*m + 15280 = 2*j + 7*m. List the prime factors of j.
7643
Let m(w) be the first derivative of -19*w**3/3 + 5*w**2/2 - 11*w + 24. Let o be m(3). Let v = o - -245. What are the prime factors of v?
2, 3, 13
Suppose -25*t - 43*t + 913784 = 0. List the prime factors of t.
2, 6719
Let d = -1760 - -6184. What are the prime factors of d/21*3 - -4?
2, 3, 53
Suppose -4*x = y - 9*x - 10346, 0 = -2*y - 3*x + 20731. List the prime factors of y.
13, 797
Let y(u) be the third derivative of 151*u**5/60 + u**4/4 + 5*u**3/3 + 71*u**2. List the prime factors of y(-2).
2, 7, 43
Let h(m) be the third derivative of 13*m**4/24 - 23*m**3/6 - 7*m**2. Let j be h(19). Let b = j - 124. What are the prime factors of b?
2, 5
Suppose 0 = 4*t - 80 + 56, 0 = 3*u - 3*t - 41421. List the prime factors of u.
19, 727
Suppose -7*z = 1141 - 161. List the prime factors of (168/z)/((-1)/185).
2, 3, 37
Let o(g) = 1454*g - 282. List the prime factors of o(7).
2, 1237
Let a be 4*(5 + 9/(-6)). What are the prime factors of 7576/14 + 12/a?
2, 271
Suppose 3*p = -4*r + 18354, -22995 = -53*r + 48*r + 5*p. What are the prime factors of r?
3, 1531
Suppose -37 = -3*h + w, -4*h - h + 5*w + 75 = 0. Suppose 6*k - h*k - 380 = 0. Let y = 156 + k. List the prime factors of y.
2, 5
Let h(x) = -x**2 - 8*x + 5. Let v be h(-8). Let t(r) = 5*r**2 + 19*r**2 - r + v*r**2. List the prime factors of t(1).
2, 7
Let g = -2560 + 7968. What are the prime factors of g?
2, 13
Let o = -6 + 22. Suppose -o*z + 15443 = 531. What are the prime factors of z?
2, 233
Suppose 80516 = 4*a - 3*z, 617*a - 620*a = -3*z - 60384. What are the prime factors of a?
2, 7, 719
Let g = 2007 + 8633. List the prime factors of g.
2, 5, 7, 19
Suppose -2*i - 3*k - 47 = 0, 0 = 4*i - 5*k + k + 124. List the prime factors of (-11416)/i + 6/21.
2, 3, 17
Suppose 3*p - 5*t = 2765 + 3497, -4*p = t - 8380. Suppose 1039 = x + 14*u - 10*u, 0 = -2*x - 4*u + p. What are the prime factors of x?
5, 211
Let s(v) be the third derivative of -v**5/60 + 17*v**4/24 + v**3/6 + 5*v**2 - v. What are the prime factors of s(12)?
61
Let b = -116 - -124. Suppose b*y + 905 + 591 = 0. Let j = 25 - y. List the prime factors of j.
2, 53
List the prime factors of (530/(-45) - -12) + 345891/27.
23, 557
Suppose c - 2*w = 833, -5*c + 245 = -w - 3947. Suppose 22*m - 3347 = -c. What are the prime factors of m?
2, 3, 19
Let o be (-6)/14 + 3174741/(-189). What are the prime factors of 5/40 - o/16 - -3?
3, 13
What are the prime factors of -1 - 1312*-2 - (325 + -327)?
3, 5, 7
Let l(s) = -12 + 4*s**2 - 4*s**2 - 8*s - 5*s**2 + 10*s**2. Let g be l(8). Let f = g - 161. What are the prime factors of f?
83
Suppose 386*d = 376*d - 40. List the prime factors of (-1)/(d/(-6)) + 1741/2.
11, 79
Let u = -2320 - -1359. Let y = 1409 + u. List the prime factors of y.
2, 7
Suppose 14512 - 1332 = 5*s. Suppose -4*t + c = -s, 5*t - 3*c = 2911 + 384. What are the prime factors of t?
659
Let u be (((-4)/(-2))/(-6))/((-6)/126). Suppose 6*y - 17 = u. What are the prime factors of y?
2
Let a(t) = -22*t - 163. Suppose -195 = 5*y - 2*k, 34*y - 4*k + 103 = 31*y. List the prime factors of a(y).
739
Let n = 30665 + 15137. What are the prime factors of n?
2, 22901
Suppose -3*q + 66 = 87, -4*q + 13449 = g. What are the prime factors of g?
13477
List the prime factors of (2368/128)/((3/(-298))/(-3)).
37, 149
Suppose 3538486 = 166*r + 2087762 - 2981144. What are the prime factors of r?
2, 7, 1907
Let p be -3*(1 - (-5)/(-3)). Suppose -5*z = -p*z - 366. Suppose -3*n + 82 = -z. What are the prime factors of n?
2, 17
Let t be (-85)/(-357)*14 + 4/6. Suppose 2*b = -9*h + 11*h + 2476, 5*h = t*b - 4949. What are the prime fac